third derivative of -k**4/24 - 2*k**2. Let f be s(-2). Let p(i) = 4 - 3*i**2 + 2*i**2 - f*i + 1 + 7*i. What is p(4)?
9
Let n(s) = s**2 - s - 1. Let u(i) = 7*i**2 + i - 7. Let q(r) = 6*n(r) - u(r). Determine q(-6).
7
Let d(f) = 3*f - 41. Let j(x) = 10*x - 154. Let r(c) = -7*d(c) + 2*j(c). Let k = -1 - -1. Calculate r(k).
-21
Let z(m) = 4 - 2 - 1 + 9066*m**3 - 9061*m**3. Let b(g) = 2*g**2 + 3*g + 1. Let q be b(-2). Suppose c - 3*h = -7, 6*c + h = c - q. Calculate z(c).
-4
Suppose 5*g + 1 = -4*a, 6 = -a + 3*a - 4*g. Let o(l) = l + 4. Let z be o(-4). Let y(r) = -r + z*r + 0 + 3*r - a. Determine y(3).
5
Let t(j) = -j**3 - 7*j**2 - 8*j - 12. Let k = 1749 - 1755. Give t(k).
0
Let d(m) = -1. Let k(s) = -1. Let p(t) = -3*t. Let y(b) = 2*k(b) - p(b). Let o(j) = 2*d(j) - y(j). Determine o(-3).
9
Let c(f) be the third derivative of 23*f**6/120 + f**5/60 - f**3/6 - 3*f**2 + 6*f. Give c(1).
23
Let x(k) = -29*k - 11*k**2 - 7 - 24*k - 2*k**2 + 85*k - 33*k - k**3. Determine x(-13).
6
Suppose d + g - 6 = -3, 0 = -3*d + 3*g - 15. Let n = 11 - 9. Let f(q) = q**2 + q**2 + 0*q**2 + 3*q**n. Give f(d).
5
Suppose 0 = 26*q + 9 + 17. Let n(m) = 14*m**3 + m**2. Determine n(q).
-13
Let q(o) = o - 22*o**3 + o**2 - 40*o**3 + 61*o**3. Calculate q(1).
1
Let p(w) = -3*w**2 - 18 - 15 - 19 - 2*w + 6*w**2 + 55. Give p(2).
11
Let x(q) be the first derivative of 5*q**4/2 - q**3/3 - q**2/2 + q + 352. Determine x(1).
9
Suppose -3752*g - 65 = -3739*g. Let u(o) = 3*o - 15. Give u(g).
-30
Let v(z) = z + 14. Let x be v(-19). Let n(t) = t**2 + 7*t. What is n(x)?
-10
Suppose -211 = 9*b - 184. Let y(a) = 14*a - 4. What is y(b)?
-46
Suppose -2*i - p = -9, -4*p + 15 = 2*i - i. Suppose -x - 3*x = -2*a - 20, -2*x = i*a - 10. Let n(t) = a - 3 - 3*t + 4 + 2. Calculate n(3).
-6
Let o(m) = m**2 + 2*m - 8. Let p = 84 - 88. Give o(p).
0
Let y(j) = 9*j - 19. Suppose 14*v - 18*v - 20 = 0. Let g(b) be the second derivative of -7*b**3/3 + 29*b**2/2 - 2*b. Let i(m) = v*g(m) - 8*y(m). What is i(5)?
-3
Suppose 5*y = -2*y + 49. Let w(o) = 3*o + 13. Let f(g) = -g - 4. Let s(q) = y*f(q) + 2*w(q). Determine s(-10).
8
Let j = 264 + -261. Let y(r) be the first derivative of -1/4*r**4 - r**j - 5*r + 2 + 1/2*r**2. Calculate y(-4).
7
Let s(f) = 45*f - 586. Let v be s(13). Let q(d) = 2*d + 3. Give q(v).
1
Let q(d) be the third derivative of d**4/12 - d**3/3 - 4*d**2 + 69*d. Calculate q(5).
8
Let y(t) be the third derivative of -t**6/120 - t**5/30 - t**4/24 - t**3 - 120*t**2. Determine y(0).
-6
Let y(d) = -1 - 7 - 9 - 2*d - 2*d**2 + 16. Give y(2).
-13
Let w(j) = -j**3 - 19*j**2 + 20*j - 4. Let u be w(-20). Let r(d) = -2*d - 4. Give r(u).
4
Suppose 15*s = 9*s + 12. Let x(o) = -o**2 + 4*o - 5. Determine x(s).
-1
Let i(f) = -f**3 + 6*f**2 - 5*f. Let s be i(5). Suppose 2*w - 7*w + 20 = s. Let h(c) = -w*c**2 + c**3 + 4*c - 2*c**3 - 11 + 7. Determine h(-5).
1
Suppose 3*p + 5*b = 14, 7*b - 4 = 3*b. Let r(a) = -a**2 + a - 1 - 3*a + p*a - 3*a. Calculate r(2).
-9
Suppose 0 = -4*f - 2*f + 4*f. Suppose -4*o + 2 = -c, -c - 3*o = -1 - 4. Let m(z) = 0*z + 4*z + f*z + c - z. Give m(-5).
-13
Let w be ((32/40)/2)/(4/50). Let r be (-75)/7 + 2/(-7). Let j(h) = -h**3 + 7*h**2. Let q(o) = 5*o**3 - 36*o**2 - 1. Let c(s) = r*j(s) - 2*q(s). Give c(w).
2
Let l = -403 - -403. Let a(g) = g**2 + 2*g - 2. What is a(l)?
-2
Suppose 3*m + 17*b + 9 = 14*b, 7 = -3*m - 4*b. Let d(h) = -h**2 - 5*h. Determine d(m).
0
Let r = -159 + 315. Let d be (-6)/(-21) + r/42. Suppose 5*c - s = c - 2, -d*s + 8 = 2*c. Let u(n) = -n**2 - n - 3. Calculate u(c).
-3
Suppose 2 = -4*d + 18, 20 = -2*t + 3*d. Let h(f) = 65*f + 49*f - 115*f - 5. What is h(t)?
-1
Let p(i) = -3*i**2 + 2*i**2 - 8 + 7 + 2*i**2 + 7*i. Suppose 2*o + 2 = -12. Give p(o).
-1
Let v(r) be the first derivative of -4*r**3/3 + r**2 - r + 11. What is v(3)?
-31
Let v(r) = -r**2 - 4*r - 8. Suppose 0 = -12*x - 868 + 940. Give v(x).
-68
Suppose 81*t = 96*t + 150. Let o(c) = -c**3 - 11*c**2 - 6*c + 13. Determine o(t).
-27
Let o(h) = h**3 - 5*h**2 - 9*h + 14. Let r be 11/(-99) + (-220)/(-36). Determine o(r).
-4
Suppose 80 = -3*b + 8. Let j(w) = -36*w. Let s(h) = -h. Let q(u) = b*s(u) + j(u). Calculate q(1).
-12
Let a(i) = 10*i - 31*i - 26 + 8 + 13*i + 9*i. What is a(18)?
0
Let i(p) = -p**3 - p**2. Let w(n) = -n**2 - 7*n + 2. Suppose -3*g = g + 28. Let h be w(g). Suppose -3*m + h*y - 10 = 0, m = y - 4 - 1. Determine i(m).
0
Let t(v) = -205*v**2 - 3 + 2 + 4 + 412*v**2 - 6*v - 206*v**2. Determine t(7).
10
Let u(x) = x + 3. Let q be u(4). Let o(b) = -b**3 + 7*b**2 + 3*b - 6. Let d be o(q). Let g(i) = 6 - 2*i - d + 4. Calculate g(-7).
9
Let o be (2/(-4))/((-51)/714). Let y(z) = -z**2 + 8*z - 16. What is y(o)?
-9
Let b(f) = f**3 + 8 + 8 - 37 + 4*f + 10 + f**2 + 13. What is b(-2)?
-10
Let r(s) = -42*s + 1. Let o(k) = 23*k - 1. Let u(f) = -7*o(f) - 4*r(f). What is u(5)?
38
Let a(b) = 4*b**2 + 4*b**3 + 10 + b - 2*b - 13 - 4*b. Let d(x) = -11*x**3 - 12*x**2 + 16*x + 9. Let g(l) = 8*a(l) + 3*d(l). Calculate g(-5).
-12
Suppose 312 - 4 = -7*n. Let u = n + 49. Let s(m) = -2*m + 3. Give s(u).
-7
Let j be (3/(-4))/((-10)/40). Let q(x) = -x + 4 - 4*x**2 - 2*x**j + 7*x**2 - 3. Give q(2).
-5
Let m(p) = p**2 + 22*p + 11. Let w(t) = 2*t**2 + 43*t + 23. Let b(k) = 11*m(k) - 6*w(k). Let y be b(-15). Let a(s) = -s**2 - 3*s + 2. What is a(y)?
4
Suppose k = -3*k + 12. Let o be 4 + -2 + (-16)/4 + k. Let y(z) = z**3 - z**2. Determine y(o).
0
Suppose -14*n + 231 = 91. Let z(w) = w**2 + 23*w + n - 12*w + 0*w - 2*w. Calculate z(-7).
-4
Let x(s) = s**3 - 9*s**2 + 12*s + 13. Let m be (-20 - -19)*(-14)/2. Determine x(m).
-1
Suppose 0 = -5*b - k + 113 + 7, -48 = -2*b - 5*k. Let r(d) = b + d - 3*d - 41 + 23. What is r(4)?
-2
Let g(k) = 16*k + 9 + 0 + 19*k - 52*k + 18*k. Determine g(-4).
5
Let k = 9 + -15. Let o = -3 - k. Suppose 6 = 3*j + o. Let m(u) = -u**2 - 2*u + 1. Determine m(j).
-2
Let l(b) = -b**2 - 6*b + 4. Let v be l(-6). Suppose -3*x + v = 19. Let y(p) = p**2 + 3*p - 6. Determine y(x).
4
Let k(f) = -f + 7. Let w be k(5). Suppose 10 = 2*a - w*m, 0*a + 2*m - 2 = -4*a. Let h(v) = -1 + 24*v - 30*v + a. Determine h(2).
-11
Let w(j) be the third derivative of j**5/60 - 5*j**4/12 + 5*j**3/6 + 83*j**2. Give w(5).
-20
Let m be -2*(-1)/(2 + -1). Let i(p) = -2*p**3 + 38*p**2 - 1 - 38*p**m. Calculate i(1).
-3
Suppose 24 = -15*v + 23*v. Suppose -3*d - 4*a = -5, 4*d + 4 + 6 = v*a. Let w(q) = -10*q**3 - 1. Calculate w(d).
9
Let b(v) be the second derivative of -v**3/3 - v**2/2 + 2*v + 286. Give b(-1).
1
Let d(r) = -r**2 + 31*r - 26. Let v be d(30). Let l(k) = -k**3 + 5*k**2 - 2*k. Calculate l(v).
8
Suppose 35 = 5*l + 5*q, -3*l + 4*l + 5 = 2*q. Let i = 0 - l. Let t(y) = -1. Let z(x) = x - 1. Let p(b) = -3*t(b) - z(b). Determine p(i).
7
Let n(z) = 2*z - 11. Let g be n(8). Let a(r) = -6*r - 3*r + g + r + r**2. Determine a(6).
-7
Let j(b) = -2*b**3 - 3*b**2 + 2*b - 1. Let r(u) = 22*u - 134. Let d be r(6). Calculate j(d).
-1
Let o(c) = -2*c + 3*c + 0*c - 2*c**3 + 3*c**3. Let t(x) = 3*x**3 - 5*x**2 + 11*x - 1. Let l(v) = 4*o(v) - t(v). What is l(-6)?
7
Let x(w) = 9*w - 15. Let i(y) = -77*y + 126. Let z(g) = 5*i(g) + 42*x(g). Give z(2).
-14
Suppose -j - 5*x = 4*j + 35, 3*j + 4*x = -24. Let v(t) be the second derivative of -t**5/20 - 5*t**4/12 - t**3/2 - t**2/2 + 507*t. Give v(j).
-5
Let k = 962 - 961. Let f(m) = m**3 - m. Let z(w) = -23*w**3 + 3*w - 1. Let q(o) = 2*f(o) + z(o). What is q(k)?
-21
Let t(q) = 2*q**2 - q - 2. Let w be ((-2)/3)/((-11)/(-33)). Determine t(w).
8
Suppose -1143*l + 1138*l - 55 = 0. Let k(j) = j**2 + 11*j + 9. Give k(l).
9
Let k(z) = z**3 + 5*z**2 - 5*z + 3. Let q be k(-5). Let u = -20 + q. Suppose -11 = -3*t + 3*g + 2*g, 0 = -3*t + 2*g + u. Let y(d) = 5*d - 1. Calculate y(t).
9
Let x = -129 - -104. Let g = 30 + x. Let k(o) = -o**3 + 5*o**2 + 7. What is k(g)?
7
Let z(x) = 6*x**3 - x**2 + x - 1. Let l be ((-6)/36)/(1/(-12)). Calculate z(l).
45
Let h(m) be the first derivative of m**2/2 - 2*m + 1. Let w be ((-6)/24)/((-1)/4). Let z be h(w). Let s(t) = -2*t**2 - 1. Calculate s(z).
-3
Let l(g) = g**3 + 3*g**2 + 4*g + 5. Let j be ((-119)/133 - 3) + (-4)/38. What is l(j)?
-27
Suppose 0 = -2*j - 3*t - 0 - 5, -5*j - 23 = -3*t. Let g(x) = -8*x**2 + 9*x**2 + 4*x**2 + x**3 + 1 + 3*x. What is g(j)?
5
Suppose 0 = 15*n - 4*n. Let r be 5/(-15)*n*1/